 145?
29
Suppose -4*r = -5*r + 4. Let a = 10 - r. Calculate the highest common factor of 4 and a.
2
Suppose 5*x + 1 = q, -4*q - 1 = -5*q. Suppose x = f + 35 - 217. Let n(l) = 26*l**2 + 2*l + 2. Let t be n(-1). What is the greatest common factor of f and t?
26
Let o be 16/8 - (-102)/1. Calculate the greatest common factor of o and 156.
52
Let t(c) = c**2. Let o be t(2). Suppose -264 = -2*u - o*u. Calculate the highest common divisor of 11 and u.
11
Let d(y) = -y**2 - 8*y - 14. Let z be d(-7). Let k be 1 - (z + (-2)/1). Let i be 85 + -4 + 0 + -1. What is the highest common divisor of k and i?
10
Let y(f) = -f**3 - 5*f**2 - 1. Let d be y(-6). Let u be 4/5 + (-84)/(-20). Calculate the greatest common divisor of u and d.
5
Let g(a) = 2*a**2 + 2*a - 2. Let m be g(-2). Let i be ((-4)/m + 6)*1. Let k be (2*-3)/(-1 - 0). Calculate the highest common divisor of k and i.
2
Suppose k + f - 9 = -k, -k = f - 5. Suppose 5*n = 2*n - g + 17, 3*g = k*n - 1. Suppose 0 = -2*l - 2*l + 112. What is the greatest common factor of n and l?
4
Let s be 6/(-18)*(-1 - 14). Suppose 11 = 2*a + 4*t - 17, t + 3 = 2*a. Let d be 197/s - a/10. Calculate the highest common divisor of d and 13.
13
Let j be (-12)/18 + 214/6. Let n = j + -1. Calculate the greatest common factor of 68 and n.
34
Let g(n) = -19*n - 1. Let c be g(-3). Let x = -37 + c. Suppose -5*u + 675 = 5*w, -u - 7*w + 143 = -2*w. What is the greatest common factor of u and x?
19
Suppose 2*s - 3*b = -s + 615, -2*s - 2*b = -402. Let x = s + -56. Calculate the greatest common divisor of x and 42.
21
Let r(j) = 4*j**2. Let c be r(6). What is the greatest common factor of 216 and c?
72
Let x = 2621 + -1724. What is the greatest common factor of 138 and x?
69
Let l be ((-30)/40)/(2/(-816)). Calculate the greatest common divisor of 17 and l.
17
Let b(g) = 3*g**2 + 4*g + 7. Let c be b(-2). Suppose -c = 3*n - 4*n. Calculate the greatest common factor of 55 and n.
11
Suppose -4*y + 4*a = 3*a - 25, 2*y - 5*a = 17. Suppose -y = -o + k - 2, -2*k + 13 = o. What is the highest common divisor of 119 and o?
7
Let v(m) = -m**3 - 4*m**2 + m + 5. Let a(y) = y**3 - 15*y**2 - 17*y + 11. Let h be a(16). Let i be v(h). What is the greatest common divisor of 10 and i?
5
Let b be 7 - (0 - 3/3). Let z = -28 - -36. Let a = z - -80. Calculate the greatest common factor of a and b.
8
Suppose -9*q = -11*q + 746. Suppose q = 2*y - 1. Let j(m) = m**2 - 5*m + 3. Let l be j(7). Calculate the greatest common factor of y and l.
17
Suppose -m + a - 364 = 0, m + 452 - 82 = -2*a. Let o = -186 - m. Suppose -5*t - t = -o. What is the greatest common factor of t and 270?
30
Let r = 7632 + -5343. What is the greatest common factor of r and 21?
21
Suppose -3*y - y + 8 = 0. Suppose 0 = -0*j + y*j - 62. Let m = -23 + j. Calculate the highest common factor of m and 72.
8
Let c = -481 + 736. What is the greatest common factor of c and 51?
51
Let h be (-3)/(-5) + 5/((-25)/333). Let o = 138 + h. What is the greatest common divisor of 8 and o?
8
Let y be 0*(-4)/(-16) + 37. What is the greatest common divisor of y and 1?
1
Suppose 14*m = 2*m + 396. Calculate the highest common divisor of 33 and m.
33
Let x = -20 - -30. Let b be (12/x)/(328/(-55) - -6). Calculate the greatest common divisor of 132 and b.
33
Let q be 3 + -4 + 7 - -10. What is the greatest common factor of q and 400?
16
Suppose -4*k + 69 + 803 = 0. Let n be ((5 + -8)/9)/((-2)/18). Suppose -4*y + 216 = 5*a, -a - 67 = n*y - k. What is the highest common divisor of y and 7?
7
Suppose -32*g = 8*g - 8840. Calculate the greatest common divisor of 39 and g.
13
Let n(u) = u**2 - 7*u - 5. Let r be (1 - (-35)/1) + 3. Let g = -44 + r. Let k be n(g). What is the greatest common factor of k and 22?
11
Let d(t) = t + 8. Let n be d(8). Let p = 4 + n. Calculate the greatest common divisor of 4 and p.
4
Suppose -7 - 18 = -5*o. Let v(t) be the first derivative of 13*t**2/2 - 5*t + 39. Let p be v(o). Calculate the highest common factor of 15 and p.
15
Suppose -9*w + 84 = -3*w. Calculate the highest common factor of 70 and w.
14
Suppose -89 = -5*i + 1. Let l be 0 + (0 - 0) + 27. Let j = l - i. What is the highest common divisor of j and 27?
9
Let k be 92502/1539 - (-4)/(-38). What is the highest common divisor of k and 140?
20
Let r = 22 - 15. Suppose -c - 2 = -r. Suppose 15 = -c*p, 0*m = -2*m + p + 93. What is the highest common divisor of 5 and m?
5
Suppose -439 = -4*c - 163. Calculate the highest common divisor of c and 184.
23
Suppose -2*x - 4*u + 75 = 27, -2*x = u - 57. Let r be (-27)/6*(-2420)/33. What is the greatest common divisor of x and r?
30
Let x = 1255 - 1191. What is the greatest common factor of 1088 and x?
64
Suppose 18*f = -f + 95. Calculate the highest common factor of f and 1.
1
Let c(a) = -a**2 + a. Let k be c(1). Suppose 11*z - 512 = 93. Suppose k = -p + 2 + z. What is the highest common divisor of 19 and p?
19
Suppose -134 = -3*i + x, 2*x - 7*x + 122 = 3*i. Let n = -54 - -80. Let o = i - n. What is the greatest common factor of 72 and o?
18
Let y be 6 + 8 + -5 + -6 + 5. Calculate the highest common factor of y and 3.
1
Let h(u) = 9*u**3 + 2*u**2 - 2*u + 1. Let l be h(1). Suppose -26 = -2*y + 34. What is the highest common factor of y and l?
10
Let p = 47 + -47. Suppose q - 1 - 20 = p. What is the greatest common divisor of q and 105?
21
Let k = -218 - -223. Suppose 4 - 20 = 4*w. Let o be (180/(-16))/(1/w). Calculate the greatest common divisor of k and o.
5
Suppose -2*l + 36 = 2. What is the highest common divisor of l and 12?
1
Let a = -71 + 72. Let l be (0 - 52)/(a/(-2)). What is the greatest common divisor of l and 13?
13
Let d(q) = -q**2 + 23*q - 107. Let v be d(8). What is the greatest common divisor of 91 and v?
13
Let b = 0 - 1. Let n(f) = -21*f**3 + f**2 + f. Let y be n(b). Suppose -2*d - l + 377 = 0, 2*l = 3*d + 314 - 883. What is the greatest common divisor of y and d?
21
Let c(l) = 3*l + 2. Let h be c(1). Suppose -h = -3*w + 7. Suppose 5*m - 33 = 4*m + 4*k, 5*k = w*m - 176. What is the greatest common factor of m and 7?
7
Let l = -375 + 208. Let c = l - -299. What is the highest common divisor of c and 12?
12
Suppose -3*r = 3*b - 184 + 13, 4*b = r + 218. What is the greatest common factor of b and 88?
11
Suppose 0 = -52*n + 49*n + 159. Calculate the greatest common factor of 53 and n.
53
Suppose 0 = 3*x - 3*g - 18, -2*x + 3*g + 9 + 4 = 0. Suppose -x*o + 60 = -240. Calculate the highest common factor of 24 and o.
12
Let h(p) = 17*p + 4. Let m be h(4). Let l = 179 - 105. Let j = -65 + l. What is the highest common factor of m and j?
9
Let n(v) = 7*v + 19. Let a be n(-4). Let x be (1 + -5)/(4 + a/2). Calculate the highest common divisor of x and 40.
8
Let b be (684/(-627))/(4/(-66)). Calculate the greatest common divisor of b and 603.
9
Suppose 40*p + 906 = 7306. Calculate the highest common divisor of 80 and p.
80
Suppose -2*b = 7 - 13. Calculate the highest common divisor of 8 and b.
1
Suppose -t + 2*t + 11 = 0. Let r = t + 16. Suppose 0 = 4*x - 3*n - 177, 0*n + 134 = 3*x - n. What is the greatest common divisor of r and x?
5
Suppose 0*g - g + 2 = 0. Let o(t) = -13*t + 4. Let u(v) = 6*v - 2. Let j(r) = -3*o(r) - 5*u(r). Let b be j(g). What is the highest common divisor of b and 24?
8
Suppose 0 = -9*v + 259 - 7. What is the greatest common factor of v and 56?
28
Let w be (-4654)/(-30) - 68/510. Calculate the greatest common factor of 31 and w.
31
Let g(u) = -8*u + 60. Let x be g(7). Suppose 0 = -4*v - x*z + 188, -60 - 63 = -3*v + 3*z. Calculate the highest common divisor of v and 8.
4
Let a be (-5)/(5/(-1))*2/1. Calculate the highest common divisor of a and 5.
1
Let k(d) = 44*d + 77. Let m be k(8). What is the highest common divisor of m and 11?
11
Let s be (-24)/(3 + -3 + -2). Let l = 17 - s. Suppose -4*n + u = -121, -4*n + 98 + 43 = -l*u. What is the highest common divisor of n and 29?
29
Suppose -3*u = 5*q - 36, 5*u - 4*q - 94 = 3. Suppose 7*p = 2*p - 5, -5*p - u = -3*d. Let f = -35 + 67. What is the highest common factor of d and f?
4
Suppose -c + 14 = 4*z, 4*z - 6 = -5*c - 0. Suppose -z*q + 3*q = -11. Calculate the highest common divisor of q and 44.
11
Suppose 2*y + y - 498 = 0. Suppose -3*i + y = -134. Suppose h - m + i = 4*h, -4*m = -3*h + 110. Calculate the greatest common factor